{"id":15,"date":"2020-07-29T22:59:00","date_gmt":"2020-07-29T22:59:00","guid":{"rendered":"https:\/\/duzca.com.co\/anterior\/?page_id=15"},"modified":"2021-06-03T20:40:27","modified_gmt":"2021-06-03T20:40:27","slug":"contacto","status":"publish","type":"page","link":"https:\/\/duzca.com.co\/anterior\/index.php\/contacto\/","title":{"rendered":"Contacto"},"content":{"rendered":"\t\t<div data-elementor-type=\"wp-page\" data-elementor-id=\"15\" class=\"elementor elementor-15\" data-elementor-post-type=\"page\">\n\t\t\t\t\t\t\t\t\t<section class=\"elementor-section elementor-top-section elementor-element elementor-element-19dee7b elementor-section-boxed elementor-section-height-default elementor-section-height-default elementor-invisible\" data-id=\"19dee7b\" data-element_type=\"section\" data-settings=\"{&quot;animation&quot;:&quot;fadeInDown&quot;}\">\n\t\t\t\t\t\t<div class=\"elementor-container elementor-column-gap-default\">\n\t\t\t\t\t<div class=\"elementor-column elementor-col-50 elementor-top-column elementor-element elementor-element-b5a2433\" data-id=\"b5a2433\" data-element_type=\"column\" data-settings=\"{&quot;background_background&quot;:&quot;classic&quot;}\">\n\t\t\t<div class=\"elementor-widget-wrap elementor-element-populated\">\n\t\t\t\t\t\t\t\t<div class=\"elementor-element elementor-element-0c74d62 elementor-widget elementor-widget-spacer\" data-id=\"0c74d62\" data-element_type=\"widget\" data-widget_type=\"spacer.default\">\n\t\t\t\t<div class=\"elementor-widget-container\">\n\t\t\t\t\t<div class=\"elementor-spacer\">\n\t\t\t<div class=\"elementor-spacer-inner\"><\/div>\n\t\t<\/div>\n\t\t\t\t<\/div>\n\t\t\t\t<\/div>\n\t\t\t\t<div class=\"elementor-element elementor-element-a46ddc3 elementor-widget elementor-widget-image\" data-id=\"a46ddc3\" data-element_type=\"widget\" data-widget_type=\"image.default\">\n\t\t\t\t<div class=\"elementor-widget-container\">\n\t\t\t\t\t\t\t\t\t\t\t\t\t\t\t<img decoding=\"async\" width=\"300\" height=\"165\" src=\"https:\/\/duzca.com.co\/anterior\/wp-content\/uploads\/2020\/08\/LOGOS-DUZCA-PNG-03-e1597107046437-300x165.png\" class=\"attachment-medium size-medium wp-image-1783\" alt=\"\" srcset=\"https:\/\/duzca.com.co\/anterior\/wp-content\/uploads\/2020\/08\/LOGOS-DUZCA-PNG-03-e1597107046437-300x165.png 300w, https:\/\/duzca.com.co\/anterior\/wp-content\/uploads\/2020\/08\/LOGOS-DUZCA-PNG-03-e1597107046437-1024x563.png 1024w, https:\/\/duzca.com.co\/anterior\/wp-content\/uploads\/2020\/08\/LOGOS-DUZCA-PNG-03-e1597107046437-768x422.png 768w, https:\/\/duzca.com.co\/anterior\/wp-content\/uploads\/2020\/08\/LOGOS-DUZCA-PNG-03-e1597107046437-600x330.png 600w, https:\/\/duzca.com.co\/anterior\/wp-content\/uploads\/2020\/08\/LOGOS-DUZCA-PNG-03-e1597107046437.png 1371w\" sizes=\"(max-width: 300px) 100vw, 300px\" \/>\t\t\t\t\t\t\t\t\t\t\t\t\t\t\t<\/div>\n\t\t\t\t<\/div>\n\t\t\t\t<div class=\"elementor-element elementor-element-d427e31 elementor-widget elementor-widget-spacer\" data-id=\"d427e31\" data-element_type=\"widget\" data-widget_type=\"spacer.default\">\n\t\t\t\t<div class=\"elementor-widget-container\">\n\t\t\t\t\t<div class=\"elementor-spacer\">\n\t\t\t<div class=\"elementor-spacer-inner\"><\/div>\n\t\t<\/div>\n\t\t\t\t<\/div>\n\t\t\t\t<\/div>\n\t\t\t\t<div class=\"elementor-element elementor-element-26ad31c elementor-align-center elementor-icon-list--layout-traditional elementor-list-item-link-full_width elementor-widget elementor-widget-icon-list\" data-id=\"26ad31c\" data-element_type=\"widget\" data-widget_type=\"icon-list.default\">\n\t\t\t\t<div class=\"elementor-widget-container\">\n\t\t\t\t\t<ul class=\"elementor-icon-list-items\">\n\t\t\t\t\t\t\t<li class=\"elementor-icon-list-item\">\n\t\t\t\t\t\t\t\t\t\t\t<span class=\"elementor-icon-list-icon\">\n\t\t\t\t\t\t\t<i aria-hidden=\"true\" class=\"fas fa-mobile-alt\"><\/i>\t\t\t\t\t\t<\/span>\n\t\t\t\t\t\t\t\t\t\t<span class=\"elementor-icon-list-text\">(57) 3167778633<\/span>\n\t\t\t\t\t\t\t\t\t<\/li>\n\t\t\t\t\t\t\t\t<li class=\"elementor-icon-list-item\">\n\t\t\t\t\t\t\t\t\t\t\t<a href=\"https:\/\/www.google.com\/maps\/place\/DUZCA\/@7.1283313,-73.1256123,17z\/data=!4m13!1m7!3m6!1s0x8e68157b2d92a83f:0x4282e571a1774f7f!2sCra.+22+%2320-55,+Bucaramanga,+Santander!3b1!8m2!3d7.1283313!4d-73.1234236!3m4!1s0x8e68158906379eb9:0x14bf093c01325bd2!8m2!3d7.1283187!4d-73.1235?hl=es\">\n\n\t\t\t\t\t\t\t\t\t\t\t\t<span class=\"elementor-icon-list-icon\">\n\t\t\t\t\t\t\t<i aria-hidden=\"true\" class=\"fas fa-map-marker-alt\"><\/i>\t\t\t\t\t\t<\/span>\n\t\t\t\t\t\t\t\t\t\t<span class=\"elementor-icon-list-text\">Carrera 22 N\u00ba 20-55 San Francisco Bucaramanga Colombia<\/span>\n\t\t\t\t\t\t\t\t\t\t\t<\/a>\n\t\t\t\t\t\t\t\t\t<\/li>\n\t\t\t\t\t\t\t\t<li class=\"elementor-icon-list-item\">\n\t\t\t\t\t\t\t\t\t\t\t<span class=\"elementor-icon-list-icon\">\n\t\t\t\t\t\t\t<i aria-hidden=\"true\" class=\"far fa-envelope\"><\/i>\t\t\t\t\t\t<\/span>\n\t\t\t\t\t\t\t\t\t\t<span class=\"elementor-icon-list-text\">servicioalcliente@duzca.com.co<\/span>\n\t\t\t\t\t\t\t\t\t<\/li>\n\t\t\t\t\t\t<\/ul>\n\t\t\t\t<\/div>\n\t\t\t\t<\/div>\n\t\t\t\t<div class=\"elementor-element elementor-element-9b1c748 elementor-widget elementor-widget-spacer\" data-id=\"9b1c748\" data-element_type=\"widget\" data-widget_type=\"spacer.default\">\n\t\t\t\t<div class=\"elementor-widget-container\">\n\t\t\t\t\t<div class=\"elementor-spacer\">\n\t\t\t<div class=\"elementor-spacer-inner\"><\/div>\n\t\t<\/div>\n\t\t\t\t<\/div>\n\t\t\t\t<\/div>\n\t\t\t\t<div class=\"elementor-element elementor-element-e23df5c elementor-shape-rounded elementor-grid-0 e-grid-align-center elementor-widget elementor-widget-social-icons\" data-id=\"e23df5c\" data-element_type=\"widget\" data-widget_type=\"social-icons.default\">\n\t\t\t\t<div class=\"elementor-widget-container\">\n\t\t\t\t\t<div class=\"elementor-social-icons-wrapper elementor-grid\">\n\t\t\t\t\t\t\t<span class=\"elementor-grid-item\">\n\t\t\t\t\t<a class=\"elementor-icon elementor-social-icon elementor-social-icon-facebook elementor-repeater-item-ddb645c\" href=\"https:\/\/www.facebook.com\/Duzca-Gracia-Divina-111433343996764\/\" target=\"_blank\">\n\t\t\t\t\t\t<span class=\"elementor-screen-only\">Facebook<\/span>\n\t\t\t\t\t\t<i class=\"fab fa-facebook\"><\/i>\t\t\t\t\t<\/a>\n\t\t\t\t<\/span>\n\t\t\t\t\t\t\t<span class=\"elementor-grid-item\">\n\t\t\t\t\t<a class=\"elementor-icon elementor-social-icon elementor-social-icon-instagram elementor-repeater-item-d0c1ea1\" href=\"https:\/\/www.instagram.com\/duzca.gd\/\" target=\"_blank\">\n\t\t\t\t\t\t<span class=\"elementor-screen-only\">Instagram<\/span>\n\t\t\t\t\t\t<i class=\"fab fa-instagram\"><\/i>\t\t\t\t\t<\/a>\n\t\t\t\t<\/span>\n\t\t\t\t\t<\/div>\n\t\t\t\t<\/div>\n\t\t\t\t<\/div>\n\t\t\t\t\t<\/div>\n\t\t<\/div>\n\t\t\t\t<div class=\"elementor-column elementor-col-50 elementor-top-column elementor-element elementor-element-a270655\" data-id=\"a270655\" data-element_type=\"column\">\n\t\t\t<div class=\"elementor-widget-wrap elementor-element-populated\">\n\t\t\t\t\t\t\t\t<div class=\"elementor-element elementor-element-4487fab elementor-widget elementor-widget-text-editor\" data-id=\"4487fab\" data-element_type=\"widget\" data-widget_type=\"text-editor.default\">\n\t\t\t\t<div class=\"elementor-widget-container\">\n\t\t\t\t\t\t\t<h3 style=\"text-align: center;\"><span style=\"font-weight: 400;\">Si quieres personalizar un producto de nuestra tienda d\u00e9janos tus datos, descripci\u00f3n de t\u00fa idea y te contactaremos.<\/span><\/h3>\t\t\t\t\t\t<\/div>\n\t\t\t\t<\/div>\n\t\t\t\t<div class=\"elementor-element elementor-element-12a23ca elementor-button-align-end elementor-widget elementor-widget-form\" data-id=\"12a23ca\" data-element_type=\"widget\" data-settings=\"{&quot;button_width&quot;:&quot;66&quot;,&quot;step_next_label&quot;:&quot;Next&quot;,&quot;step_previous_label&quot;:&quot;Previous&quot;,&quot;step_type&quot;:&quot;number_text&quot;,&quot;step_icon_shape&quot;:&quot;circle&quot;}\" data-widget_type=\"form.default\">\n\t\t\t\t<div class=\"elementor-widget-container\">\n\t\t\t\t\t<form class=\"elementor-form\" method=\"post\" name=\"New Form\">\n\t\t\t<input type=\"hidden\" name=\"post_id\" value=\"15\"\/>\n\t\t\t<input type=\"hidden\" name=\"form_id\" value=\"12a23ca\"\/>\n\t\t\t<input type=\"hidden\" name=\"referer_title\" value=\"DUZCA\" \/>\n\n\t\t\t\n\t\t\t<div class=\"elementor-form-fields-wrapper elementor-labels-above\">\n\t\t\t\t\t\t\t\t<div class=\"elementor-field-type-text elementor-field-group elementor-column elementor-field-group-name elementor-col-100 elementor-field-required elementor-mark-required\">\n\t\t\t\t\t\t\t\t\t\t\t\t<label for=\"form-field-name\" class=\"elementor-field-label\">\n\t\t\t\t\t\t\t\tNombres\t\t\t\t\t\t\t<\/label>\n\t\t\t\t\t\t\t\t\t\t\t\t\t\t<input size=\"1\" type=\"text\" name=\"form_fields[name]\" id=\"form-field-name\" class=\"elementor-field elementor-size-xs  elementor-field-textual\" placeholder=\"Nombre completo\" required=\"required\" aria-required=\"true\">\n\t\t\t\t\t\t\t\t\t\t\t<\/div>\n\t\t\t\t\t\t\t\t<div class=\"elementor-field-type-text elementor-field-group elementor-column elementor-field-group-field_e1adae0 elementor-col-100 elementor-field-required elementor-mark-required\">\n\t\t\t\t\t\t\t\t\t\t\t\t<label for=\"form-field-field_e1adae0\" class=\"elementor-field-label\">\n\t\t\t\t\t\t\t\tFecha Cumplea\u00f1os\t\t\t\t\t\t\t<\/label>\n\t\t\t\t\t\t\t\t\t\t\t\t\t\t<input size=\"1\" type=\"text\" name=\"form_fields[field_e1adae0]\" id=\"form-field-field_e1adae0\" class=\"elementor-field elementor-size-xs  elementor-field-textual\" placeholder=\"Fecha de Nacimiento\" required=\"required\" aria-required=\"true\">\n\t\t\t\t\t\t\t\t\t\t\t<\/div>\n\t\t\t\t\t\t\t\t<div class=\"elementor-field-type-email elementor-field-group elementor-column elementor-field-group-email elementor-col-100 elementor-field-required elementor-mark-required\">\n\t\t\t\t\t\t\t\t\t\t\t\t<label for=\"form-field-email\" class=\"elementor-field-label\">\n\t\t\t\t\t\t\t\tEmail\t\t\t\t\t\t\t<\/label>\n\t\t\t\t\t\t\t\t\t\t\t\t\t\t<input size=\"1\" type=\"email\" name=\"form_fields[email]\" id=\"form-field-email\" class=\"elementor-field elementor-size-xs  elementor-field-textual\" placeholder=\"Correo Electronico\" required=\"required\" aria-required=\"true\">\n\t\t\t\t\t\t\t\t\t\t\t<\/div>\n\t\t\t\t\t\t\t\t<div class=\"elementor-field-type-tel elementor-field-group elementor-column elementor-field-group-field_a2f0d8b elementor-col-100 elementor-field-required elementor-mark-required\">\n\t\t\t\t\t\t\t\t\t\t\t\t<label for=\"form-field-field_a2f0d8b\" class=\"elementor-field-label\">\n\t\t\t\t\t\t\t\tTel\u00e9fono\t\t\t\t\t\t\t<\/label>\n\t\t\t\t\t\t\t\t<input size=\"1\" type=\"tel\" name=\"form_fields[field_a2f0d8b]\" id=\"form-field-field_a2f0d8b\" class=\"elementor-field elementor-size-xs  elementor-field-textual\" placeholder=\"N\u00famero Telef\u00f3nico\" required=\"required\" aria-required=\"true\" pattern=\"[0-9()#&amp;+*-=.]+\" title=\"Solo se aceptan n\u00fameros y caracteres de tel\u00e9fono (#,-,*,etc).\">\n\n\t\t\t\t\t\t<\/div>\n\t\t\t\t\t\t\t\t<div class=\"elementor-field-type-textarea elementor-field-group elementor-column elementor-field-group-message elementor-col-100\">\n\t\t\t\t\t\t\t\t\t\t\t\t<label for=\"form-field-message\" class=\"elementor-field-label\">\n\t\t\t\t\t\t\t\tMensaje\t\t\t\t\t\t\t<\/label>\n\t\t\t\t\t\t<textarea class=\"elementor-field-textual elementor-field  elementor-size-xs\" name=\"form_fields[message]\" id=\"form-field-message\" rows=\"6\" placeholder=\"D\u00e9janos un mensaje\"><\/textarea>\t\t\t\t<\/div>\n\t\t\t\t\t\t\t\t<div class=\"elementor-field-group elementor-column elementor-field-type-submit elementor-col-66 e-form__buttons\">\n\t\t\t\t\t<button type=\"submit\" class=\"elementor-button elementor-size-sm\">\n\t\t\t\t\t\t<span >\n\t\t\t\t\t\t\t\t\t\t\t\t\t\t\t<span class=\" elementor-button-icon\">\n\t\t\t\t\t\t\t\t\t\t\t\t\t\t\t\t\t\t\t\t\t\t\t\t\t\t<\/span>\n\t\t\t\t\t\t\t\t\t\t\t\t\t\t\t\t\t\t\t\t\t\t<span class=\"elementor-button-text\">Enviar<\/span>\n\t\t\t\t\t\t\t\t\t\t\t\t\t<\/span>\n\t\t\t\t\t<\/button>\n\t\t\t\t<\/div>\n\t\t\t<\/div>\n\t\t<\/form>\n\t\t\t\t<\/div>\n\t\t\t\t<\/div>\n\t\t\t\t\t<\/div>\n\t\t<\/div>\n\t\t\t\t\t\t\t<\/div>\n\t\t<\/section>\n\t\t\t\t\t\t\t<\/div>\n\t\t","protected":false},"excerpt":{"rendered":"<p>(57) 3167778633 Carrera 22 N\u00ba 20-55 San Francisco Bucaramanga Colombia servicioalcliente@duzca.com.co Facebook Instagram Si quieres personalizar un producto de nuestra<\/p>\n","protected":false},"author":1,"featured_media":0,"parent":0,"menu_order":0,"comment_status":"closed","ping_status":"closed","template":"","meta":{"_joinchat":[],"footnotes":""},"yoast_head":"<!-- This site is optimized with the Yoast SEO plugin v21.6 - https:\/\/yoast.com\/wordpress\/plugins\/seo\/ -->\n<title>Contacto - DUZCA<\/title>\n<meta name=\"robots\" content=\"index, follow, max-snippet:-1, max-image-preview:large, max-video-preview:-1\" \/>\n<link rel=\"canonical\" href=\"https:\/\/duzca.com.co\/anterior\/index.php\/contacto\/\" \/>\n<meta property=\"og:locale\" content=\"es_ES\" \/>\n<meta property=\"og:type\" content=\"article\" \/>\n<meta property=\"og:title\" content=\"Contacto - DUZCA\" \/>\n<meta property=\"og:description\" content=\"(57) 3167778633 Carrera 22 N\u00ba 20-55 San Francisco Bucaramanga Colombia servicioalcliente@duzca.com.co Facebook Instagram Si quieres personalizar un producto de nuestra\" \/>\n<meta property=\"og:url\" content=\"https:\/\/duzca.com.co\/anterior\/index.php\/contacto\/\" \/>\n<meta property=\"og:site_name\" content=\"DUZCA\" \/>\n<meta property=\"article:modified_time\" content=\"2021-06-03T20:40:27+00:00\" \/>\n<meta property=\"og:image\" content=\"https:\/\/duzca.com.co\/anterior\/wp-content\/uploads\/2020\/08\/LOGOS-DUZCA-PNG-03-e1597107046437-300x165.png\" \/>\n<meta name=\"twitter:card\" content=\"summary_large_image\" \/>\n<script type=\"application\/ld+json\" class=\"yoast-schema-graph\">{\"@context\":\"https:\/\/schema.org\",\"@graph\":[{\"@type\":\"WebPage\",\"@id\":\"https:\/\/duzca.com.co\/anterior\/index.php\/contacto\/\",\"url\":\"https:\/\/duzca.com.co\/anterior\/index.php\/contacto\/\",\"name\":\"Contacto - DUZCA\",\"isPartOf\":{\"@id\":\"https:\/\/duzca.com.co\/anterior\/#website\"},\"datePublished\":\"2020-07-29T22:59:00+00:00\",\"dateModified\":\"2021-06-03T20:40:27+00:00\",\"breadcrumb\":{\"@id\":\"https:\/\/duzca.com.co\/anterior\/index.php\/contacto\/#breadcrumb\"},\"inLanguage\":\"es\",\"potentialAction\":[{\"@type\":\"ReadAction\",\"target\":[\"https:\/\/duzca.com.co\/anterior\/index.php\/contacto\/\"]}]},{\"@type\":\"BreadcrumbList\",\"@id\":\"https:\/\/duzca.com.co\/anterior\/index.php\/contacto\/#breadcrumb\",\"itemListElement\":[{\"@type\":\"ListItem\",\"position\":1,\"name\":\"Portada\",\"item\":\"https:\/\/duzca.com.co\/anterior\/\"},{\"@type\":\"ListItem\",\"position\":2,\"name\":\"Contacto\"}]},{\"@type\":\"WebSite\",\"@id\":\"https:\/\/duzca.com.co\/anterior\/#website\",\"url\":\"https:\/\/duzca.com.co\/anterior\/\",\"name\":\"DUZCA\",\"description\":\"\",\"publisher\":{\"@id\":\"https:\/\/duzca.com.co\/anterior\/#\/schema\/person\/5c0816f312b8a86c43fbdd9647efe56f\"},\"potentialAction\":[{\"@type\":\"SearchAction\",\"target\":{\"@type\":\"EntryPoint\",\"urlTemplate\":\"https:\/\/duzca.com.co\/anterior\/?s={search_term_string}\"},\"query-input\":\"required name=search_term_string\"}],\"inLanguage\":\"es\"},{\"@type\":[\"Person\",\"Organization\"],\"@id\":\"https:\/\/duzca.com.co\/anterior\/#\/schema\/person\/5c0816f312b8a86c43fbdd9647efe56f\",\"name\":\"DuzcaGD\",\"image\":{\"@type\":\"ImageObject\",\"inLanguage\":\"es\",\"@id\":\"https:\/\/duzca.com.co\/anterior\/#\/schema\/person\/image\/\",\"url\":\"https:\/\/secure.gravatar.com\/avatar\/c304344ebbe55f6bb2d7643e743e93a9?s=96&d=mm&r=g\",\"contentUrl\":\"https:\/\/secure.gravatar.com\/avatar\/c304344ebbe55f6bb2d7643e743e93a9?s=96&d=mm&r=g\",\"caption\":\"DuzcaGD\"},\"logo\":{\"@id\":\"https:\/\/duzca.com.co\/anterior\/#\/schema\/person\/image\/\"}}]}<\/script>\n<!-- \/ Yoast SEO plugin. -->","yoast_head_json":{"title":"Contacto - DUZCA","robots":{"index":"index","follow":"follow","max-snippet":"max-snippet:-1","max-image-preview":"max-image-preview:large","max-video-preview":"max-video-preview:-1"},"canonical":"https:\/\/duzca.com.co\/anterior\/index.php\/contacto\/","og_locale":"es_ES","og_type":"article","og_title":"Contacto - DUZCA","og_description":"(57) 3167778633 Carrera 22 N\u00ba 20-55 San Francisco Bucaramanga Colombia servicioalcliente@duzca.com.co Facebook Instagram Si quieres personalizar un producto de nuestra","og_url":"https:\/\/duzca.com.co\/anterior\/index.php\/contacto\/","og_site_name":"DUZCA","article_modified_time":"2021-06-03T20:40:27+00:00","og_image":[{"url":"https:\/\/duzca.com.co\/anterior\/wp-content\/uploads\/2020\/08\/LOGOS-DUZCA-PNG-03-e1597107046437-300x165.png"}],"twitter_card":"summary_large_image","schema":{"@context":"https:\/\/schema.org","@graph":[{"@type":"WebPage","@id":"https:\/\/duzca.com.co\/anterior\/index.php\/contacto\/","url":"https:\/\/duzca.com.co\/anterior\/index.php\/contacto\/","name":"Contacto - DUZCA","isPartOf":{"@id":"https:\/\/duzca.com.co\/anterior\/#website"},"datePublished":"2020-07-29T22:59:00+00:00","dateModified":"2021-06-03T20:40:27+00:00","breadcrumb":{"@id":"https:\/\/duzca.com.co\/anterior\/index.php\/contacto\/#breadcrumb"},"inLanguage":"es","potentialAction":[{"@type":"ReadAction","target":["https:\/\/duzca.com.co\/anterior\/index.php\/contacto\/"]}]},{"@type":"BreadcrumbList","@id":"https:\/\/duzca.com.co\/anterior\/index.php\/contacto\/#breadcrumb","itemListElement":[{"@type":"ListItem","position":1,"name":"Portada","item":"https:\/\/duzca.com.co\/anterior\/"},{"@type":"ListItem","position":2,"name":"Contacto"}]},{"@type":"WebSite","@id":"https:\/\/duzca.com.co\/anterior\/#website","url":"https:\/\/duzca.com.co\/anterior\/","name":"DUZCA","description":"","publisher":{"@id":"https:\/\/duzca.com.co\/anterior\/#\/schema\/person\/5c0816f312b8a86c43fbdd9647efe56f"},"potentialAction":[{"@type":"SearchAction","target":{"@type":"EntryPoint","urlTemplate":"https:\/\/duzca.com.co\/anterior\/?s={search_term_string}"},"query-input":"required name=search_term_string"}],"inLanguage":"es"},{"@type":["Person","Organization"],"@id":"https:\/\/duzca.com.co\/anterior\/#\/schema\/person\/5c0816f312b8a86c43fbdd9647efe56f","name":"DuzcaGD","image":{"@type":"ImageObject","inLanguage":"es","@id":"https:\/\/duzca.com.co\/anterior\/#\/schema\/person\/image\/","url":"https:\/\/secure.gravatar.com\/avatar\/c304344ebbe55f6bb2d7643e743e93a9?s=96&d=mm&r=g","contentUrl":"https:\/\/secure.gravatar.com\/avatar\/c304344ebbe55f6bb2d7643e743e93a9?s=96&d=mm&r=g","caption":"DuzcaGD"},"logo":{"@id":"https:\/\/duzca.com.co\/anterior\/#\/schema\/person\/image\/"}}]}},"_links":{"self":[{"href":"https:\/\/duzca.com.co\/anterior\/index.php\/wp-json\/wp\/v2\/pages\/15"}],"collection":[{"href":"https:\/\/duzca.com.co\/anterior\/index.php\/wp-json\/wp\/v2\/pages"}],"about":[{"href":"https:\/\/duzca.com.co\/anterior\/index.php\/wp-json\/wp\/v2\/types\/page"}],"author":[{"embeddable":true,"href":"https:\/\/duzca.com.co\/anterior\/index.php\/wp-json\/wp\/v2\/users\/1"}],"replies":[{"embeddable":true,"href":"https:\/\/duzca.com.co\/anterior\/index.php\/wp-json\/wp\/v2\/comments?post=15"}],"version-history":[{"count":26,"href":"https:\/\/duzca.com.co\/anterior\/index.php\/wp-json\/wp\/v2\/pages\/15\/revisions"}],"predecessor-version":[{"id":2393,"href":"https:\/\/duzca.com.co\/anterior\/index.php\/wp-json\/wp\/v2\/pages\/15\/revisions\/2393"}],"wp:attachment":[{"href":"https:\/\/duzca.com.co\/anterior\/index.php\/wp-json\/wp\/v2\/media?parent=15"}],"curies":[{"name":"wp","href":"https:\/\/api.w.org\/{rel}","templated":true}]}}